{"id":40,"date":"2017-04-20T15:21:34","date_gmt":"2017-04-20T13:21:34","guid":{"rendered":"https:\/\/www.supervision-ott.de\/?page_id=40"},"modified":"2018-01-04T21:29:45","modified_gmt":"2018-01-04T20:29:45","slug":"mediation","status":"publish","type":"page","link":"https:\/\/www.supervision-ott.de\/index.php\/mediation\/","title":{"rendered":"Mediation"},"content":{"rendered":"<p>ist sinnvoll bei bereits eskalierten Konflikten, in denen eine direkte Kl\u00e4rung zwischen den Konfliktparteien nicht mehr m\u00f6glich ist. Mediation ist ein strukturiertes Verfahren mit dem Ziel, die Konfliktpartner wieder miteinander in Kontakt zu bringen und eine Einigung zu suchen, die sich an den Interessen der beteiligten Personen orientiert. Dies hat eine andere Qualit\u00e4t, als sich auf \u201cfaule Kompromisse\u201d einzulassen. Interessensorientiert hei\u00dft, dass Sie mit Hilfe der Mediation eine L\u00f6sung finden, die f\u00fcr alle akzeptabel ist ohne, dass Gewinner oder Verlierer daraus hervorgehen.<\/p>\n<p>&nbsp;<\/p>\n<h4>Arbeitsschwerpunkte<\/h4>\n<ul>\n<li>Arbeitsplatzkonflikte,<\/li>\n<li>famili\u00e4re Konflikte<\/li>\n<\/ul>\n","protected":false},"excerpt":{"rendered":"<p>ist sinnvoll bei bereits eskalierten Konflikten, in denen eine direkte Kl\u00e4rung zwischen den Konfliktparteien nicht mehr m\u00f6glich ist. Mediation ist <a class=\"more-link\" href=\"https:\/\/www.supervision-ott.de\/index.php\/mediation\/\">Weiterlesen&#8230;<\/a><\/p>\n","protected":false},"author":1,"featured_media":378,"parent":0,"menu_order":60,"comment_status":"closed","ping_status":"closed","template":"","meta":{"footnotes":""},"_links":{"self":[{"href":"https:\/\/www.supervision-ott.de\/index.php\/wp-json\/wp\/v2\/pages\/40"}],"collection":[{"href":"https:\/\/www.supervision-ott.de\/index.php\/wp-json\/wp\/v2\/pages"}],"about":[{"href":"https:\/\/www.supervision-ott.de\/index.php\/wp-json\/wp\/v2\/types\/page"}],"author":[{"embeddable":true,"href":"https:\/\/www.supervision-ott.de\/index.php\/wp-json\/wp\/v2\/users\/1"}],"replies":[{"embeddable":true,"href":"https:\/\/www.supervision-ott.de\/index.php\/wp-json\/wp\/v2\/comments?post=40"}],"version-history":[{"count":14,"href":"https:\/\/www.supervision-ott.de\/index.php\/wp-json\/wp\/v2\/pages\/40\/revisions"}],"predecessor-version":[{"id":490,"href":"https:\/\/www.supervision-ott.de\/index.php\/wp-json\/wp\/v2\/pages\/40\/revisions\/490"}],"wp:featuredmedia":[{"embeddable":true,"href":"https:\/\/www.supervision-ott.de\/index.php\/wp-json\/wp\/v2\/media\/378"}],"wp:attachment":[{"href":"https:\/\/www.supervision-ott.de\/index.php\/wp-json\/wp\/v2\/media?parent=40"}],"curies":[{"name":"wp","href":"https:\/\/api.w.org\/{rel}","templated":true}]}}